+ 5*b. What is the tens digit of l?
4
What is the units digit of 5804 + (6/9)/(16/(-192))?
6
Let l(f) be the third derivative of 13*f**8/5040 + f**6/720 + f**5/30 + 18*f**2. Let q(g) be the third derivative of l(g). What is the tens digit of q(1)?
5
Suppose 0 = -3*u - 5*q + 17785, -3*q = 100*u - 104*u + 23665. What is the tens digit of u?
2
Let o = -921 - -5596. What is the hundreds digit of o?
6
Suppose 10*o - 7 - 13 = 0. Suppose 4*l = -t + 2432, -o*l + 1216 = -t + 3*t. What is the hundreds digit of l?
6
Suppose 5*q = 4*j + 13, -3*q + 0*q = 2*j + 1. Suppose 3*a - 40 = -4*z, z - 5*a - 11 = -q. Let f(o) = o**3 - 9*o**2 - 3*o + 11. What is the units digit of f(z)?
1
Let x(p) = -6451*p - 82. What is the units digit of x(-4)?
2
Suppose 2*o + 4*m = 5*m + 9853, 0 = -5*o - m + 24643. Suppose o = -39*h + 61*h. What is the hundreds digit of h?
2
Let y(z) = -z**3 + 16*z**2 - 5*z - 4. Let x be y(16). Let a be 1078/(-6) - 5/(-30)*-2. Let w = x - a. What is the units digit of w?
6
What is the tens digit of (-2550860)/(-50) + -16 - (-12)/(-10)?
0
Let n = -613 + 391. Let r = 702 - 350. Let h = n + r. What is the tens digit of h?
3
Let s(y) = 544*y - 1790. What is the tens digit of s(47)?
7
Suppose -41*q + 36 = -37*q. Let z = q + 2. Suppose -12*m = -z*m - 9. What is the units digit of m?
9
Suppose 122*s + 162 = -40*s. Let k(p) = 18*p**2 - 5*p. Let v be k(-6). What is the units digit of (0 + s)/((-6)/v)?
3
What is the tens digit of (-16)/((-1792)/620208) - (-2 + 22/14)?
3
What is the tens digit of -9 + 150/(-100)*(-68938)/3?
6
Suppose -10394 = -2*g + 3*l + 22507, 0 = -3*l - 9. What is the hundreds digit of g?
4
Let v = 55164 - 31653. What is the units digit of v?
1
Let i = 2881 + -1630. Let g be (1/(-1))/((-6)/12). Suppose 0 = -g*v - 7*v + i. What is the units digit of v?
9
Suppose 2*l - c - 141204 = 0, 0 = 2*c + 44 - 28. What is the units digit of l?
8
Let x(r) = -146 + 64 - 71*r + 284*r - 38. What is the tens digit of x(4)?
3
Suppose -344352 - 209830 = -210*z + 400478. What is the tens digit of z?
4
What is the tens digit of (-5 + 14704/(-112))/(9/(-2562))?
9
Suppose -3*z - 100 = -28*z. Suppose -z*m + 5728 + 324 = 0. What is the thousands digit of m?
1
Let r = -5070 - -15339. What is the tens digit of r?
6
Let f(c) = 2*c**2 - 27*c + 40. Let x be f(17). What is the units digit of 4/3 - (-15211)/x?
7
Suppose 0 = 203*s - 185*s - 56310 - 118380. What is the units digit of s?
5
Let v be ((-24)/(-10))/(-6)*-130. Let m = v - 56. What is the units digit of (-184)/2*7/m?
1
Let g(y) = 933*y - 13368. What is the hundreds digit of g(43)?
7
Let t(p) = 4*p**3 - 8*p**2 - 55*p + 513. What is the units digit of t(12)?
3
Let f = -3559 - -10180. What is the thousands digit of f?
6
What is the tens digit of (24/9 - 2) + 1423274/123 - -5?
7
Let x(o) = -o**2 + 31*o - 55. Let u be x(29). Suppose -u*v = -3*f - 178 - 17, 0 = 2*v - 4*f - 134. What is the tens digit of v?
6
Let w = 1604 + -1095. Suppose 31*m + 24 + 8377 = 0. Let j = m + w. What is the hundreds digit of j?
2
Suppose -13*g + 22*g = 15*g - 108372. What is the hundreds digit of g?
0
Let l(w) = 2*w**2 - 69*w - 6 + 20*w**2 + 67*w. Let o(k) = k**3 + 2*k**2 - 2. Let y be o(-2). What is the units digit of l(y)?
6
Let a be 4/(6 + -7 - -2). What is the hundreds digit of (4828/16 - 11)/(1/a)?
1
Let v(t) = -t + 18. Suppose -5*g + 4*l + 95 = 0, -45 = -4*g - 2*l - l. Let c be v(g). Suppose 5*x - c*x - 6 = 0. What is the units digit of x?
3
Let j(v) be the first derivative of v**3/3 + v**2/2 + 178*v + 13. Let p be j(0). Suppose -2*i + 2*n - p = -6*i, -i = 3*n - 57. What is the units digit of i?
2
Suppose -47*o + 12 = -46*o. Let l be (6 + o)*((-3)/(-2) - 2). What is the units digit of (5 + 168/l)/(1/(-12))?
4
Let x(j) = -j**3 - 3*j**2 + 3*j - 5. Let y be x(0). What is the tens digit of 5352/20 - y - (-4)/10?
7
Suppose -5*y = -m + 20, y = 7*m - 2*m - 52. Let h be (-1 + (-6)/(-2))/(4/m). Suppose -3*v - 4*c = -235, -5*v - h*c + 361 = -6*c. What is the units digit of v?
3
Let z = 22768 - 13791. What is the thousands digit of z?
8
Let a(g) = -g**2 - 13*g + 52. Let z be a(-16). Suppose -4*k + 376 = -z*y, y = -4*k + 312 + 59. What is the units digit of k?
3
Suppose u + 0*u + 5*z = -14, -5*u - 160 = -5*z. Let a = 43 + u. Let g(i) = 7*i + 10. What is the tens digit of g(a)?
0
Suppose -493*u - 557152 = -539*u. What is the units digit of u?
2
Let u(f) = 22*f**3 - 4*f**2 + 3*f + 1. Let i be u(2). Suppose 0 = -4*d + 21 + i. What is the units digit of d?
7
Suppose -7*f = 4*f - 33. Suppose 3*y + 30 = 4*a - 2, 3*y - f = -3*a. Suppose 0 = 3*s - 3*c - 363, -371 = -s - 2*s + a*c. What is the hundreds digit of s?
1
Let c = -18 + 23. Suppose -c*b - 26274 = -34*b. What is the units digit of b?
6
Suppose -8*a + 83 = -45. Suppose w - 161 = a. What is the units digit of w?
7
Let z(q) = -213*q + 1. Let t be z(1). Let r be t*(-1)/4 + 2/(-2). Suppose 5*p = 3*o - r, -5*o + p = -2*p - 92. What is the units digit of o?
9
Let q be (2/4)/((-24)/48) + 4. Suppose -q*d + 6925 - 1794 = 4*l, -d - 2573 = -2*l. What is the hundreds digit of l?
2
Suppose -3*r - 39 = 3*j, 2*j + 2*j = 3*r + 25. Let g(o) = o**3 + 12*o**2 + 13*o - 5. Let w be g(r). What is the units digit of w/(-21) + -1 - 2598/(-21)?
4
Let p(l) = 17023*l**2 + 20*l + 19. What is the thousands digit of p(-1)?
7
Let k = -57 + 62. Suppose -k*j - 30 = -4*t - 7*j, 2*t + 4*j - 6 = 0. What is the hundreds digit of -12 + t + 2*83?
1
What is the tens digit of 6874680/80 + -5 - (-6)/4?
3
Let j(a) = 2*a**3 - 37*a**2 + 49*a - 1161. What is the hundreds digit of j(27)?
5
Suppose 1691 + 250 = -3*k. Let v = k - -1761. What is the tens digit of v?
1
Suppose -18*m - 89 = -2141. Let p = 66 + -51. Let a = p + m. What is the units digit of a?
9
Let p(d) = -66*d + 11. Let s(k) = 66*k - 11. Let x(l) = 6*p(l) + 4*s(l). What is the units digit of x(-6)?
4
Suppose 45*n = -129*n - 184*n + 1034620. What is the thousands digit of n?
2
Let j = 47718 - 22480. What is the ten thousands digit of j?
2
Let x be 1 + 0 + 21*2. Suppose -165 = 5*n - 405. Let f = n - x. What is the units digit of f?
5
Let d = 7622 + 11706. What is the hundreds digit of d?
3
Let r = 24030 - 7812. What is the units digit of r?
8
Let r(p) = 2029*p + 6008. What is the hundreds digit of r(20)?
5
Let c(r) = 48*r + 33*r**2 + 10*r**2 + 9 - 30*r**2. What is the units digit of c(-9)?
0
Let j(r) = 9*r - 45. Let w be j(6). Let f(p) = 2*p**2 + 7*p + 10. What is the tens digit of f(w)?
3
Let m be (-13 - -29)/((-2)/36). Let o be 2/(-17) + m/153. What is the tens digit of o + (1 - (-145)/5)?
2
Suppose -5*s + 10 = 3*m, m - 3*m - 4*s + 6 = 0. Let t(z) = 41*z - 19. What is the hundreds digit of t(m)?
1
Let s(f) = -33*f + 69. Let v be s(3). Let w = v + 216. What is the hundreds digit of w?
1
Suppose 0 = 2*t - 4*c - 20, -3*t - 5*c = -3*c - 22. What is the units digit of 8075/57 + t/(-12)?
1
Let n be (0 + 24/(-20))/((-2)/5). Let x be ((-7)/3)/(n/9). What is the hundreds digit of 115 + 4 + (x - -1)?
1
Suppose u + 23737 = 2*c, -4*c + 65456 - 17972 = -4*u. What is the hundreds digit of c?
8
Suppose -4*m = -2 - 10. Suppose 2*n - 7 = m. Suppose -n*p + 744 - 204 = 0. What is the units digit of p?
8
Suppose 3*m = -24, -4*b - 2*m + 22365 + 154239 = 0. What is the ten thousands digit of b?
4
Let t(w) = 3*w**2 + 12 + 7 - 297*w - 6 + 272*w. Let a be t(7). What is the tens digit of 12*(0 + a/(-10))?
1
Let w be ((-44)/(-6))/((8/(-18))/(-4)). Let b = -105 + w. Let j = b + 126. What is the tens digit of j?
8
Let l be (-268)/(-22) + 2/(-11). What is the hundreds digit of (-8364)/8*(-8)/l?
6
Let r(t) = -26*t + 711. What is the thousands digit of r(-31)?
1
Let r(d) = -15*d**3 - 17*d**2 + 38*d - 2. Let l(f) = -6*f**3 - 6*f**2 + 13*f - 1. Let i(c) = -11*l(c) + 4*r(c). What is the units digit of i(4)?
1
Let r = -259 + 298. Let o(v) = 2*v**2 - 55*v + 66. What is the hundreds digit of o(r)?
9
Let c be 358/(-4)*(-4 - -2). Suppose 2 = -5*b + 7, c = 3*m + 5*b. Let f = -6 + m. What is the units digit of f?
2
Suppose -v = 7*o - 26299, 181*v - 18818 = -5*o + 185*v. What is the units digit of o?
8
Let m(p) = 2*p**2 - 14*p + 18. Let n be m(6). Suppose -122 = n*u - 1952. What is the hundreds digit of u?
3
Suppose 2 = -2*a + 12. What is the hundreds digit of a/((-10)/(-1488)) + -136 + 131?
7
Suppose -5*v + 96 = -4*v